i - 64*i + 64. Let v = -5 + i. List the prime factors of c(v).
2, 19
Let h(p) = 100*p**3 - 13*p**2 + 24*p - 7. Let g be h(8). Suppose -13*q - 28*q + g = 0. What are the prime factors of q?
3, 137
Let s be -7 + -563 + 8 + -3. Let u = s - -648. What are the prime factors of u?
83
Let h be -51*(1/2 + 105/(-90)). Let u = h + 728. List the prime factors of u.
2, 3, 127
Let s be ((-502)/4)/(7 - (-344)/(-48)). Suppose -19*t = -22*t + s. Let o = t + -87. What are the prime factors of o?
2, 41
Suppose 0 = 51*r - 57*r - 24. Let c(j) = -25*j - 31. List the prime factors of c(r).
3, 23
Let b(f) = -18*f + 9 - 2*f - 17*f**2 + 8*f**2 + f**3. Let x be b(11). Suppose -p + x = -42. What are the prime factors of p?
73
Let q be 1 + 385 - (-3)/9*0. Let l = q + 92. What are the prime factors of l?
2, 239
Let z(x) = x - 1. Let w(r) = -5*r**2 + 128*r - 3. Let b(h) = w(h) - 4*z(h). What are the prime factors of b(21)?
2, 5
Let q = 12594 + -9589. List the prime factors of q.
5, 601
Suppose 0 = -2*w + 8*w - 40*w + 2213876. List the prime factors of w.
2, 7, 4651
List the prime factors of (-10)/140 + (-24082)/(-28).
2, 5, 43
Let f be 15724/36 + 6/27. Let z = f + -211. Suppose 0 = 11*y - 12*y + z. What are the prime factors of y?
2, 113
What are the prime factors of (3/(18/(-8)))/(8/(-32976))?
2, 3, 229
Let k = 20897 + -4338. What are the prime factors of k?
29, 571
Let r be (-8)/14 + (936/21 - 7). Let q = 35 + r. What are the prime factors of q?
2, 3
Let i be (-3)/(15/(-70)*2/3). Let p = -66 + 31. Let u = i - p. What are the prime factors of u?
2, 7
Suppose 5*a - 3*m + 26 = -5, m = 4*a + 22. Let d(l) = -29*l. Let q(r) = 30*r + 1. Let n(s) = -3*d(s) - 4*q(s). What are the prime factors of n(a)?
7, 23
List the prime factors of 2082/((-14)/(7 - 14)) - 1.
2, 5, 13
Let c(u) = -1605*u - 90. What are the prime factors of c(-4)?
2, 3, 5, 211
Let s = -309 - -2892. What are the prime factors of s?
3, 7, 41
Suppose 0 = -3*a + m + 3*m - 39, a = 2*m - 15. Let g be 7/a*3*-36. Let w = 159 - g. List the prime factors of w.
3, 5
Suppose m - 4*l - 101 = -3*l, l + 3 = 0. Suppose 106*x - 3552 = m*x. What are the prime factors of x?
2, 3, 37
Let k = 273 + -266. Suppose 2*v - 3980 = -k*z + 2*z, -4*z + 2*v = -3166. List the prime factors of z.
2, 397
Suppose 0 = -v - 5*s + 26, -v - 3*s + 15 + 7 = 0. Suppose -31*z + 7365 = -v*z. List the prime factors of z.
491
Suppose 0 = t + 5*o - 716, 0 = t + 2*o - 809 + 96. Suppose 0 = x - 2*j - 12, 4*j = -5*x - 0*j - 10. Suppose t = 5*b - x*b. What are the prime factors of b?
3, 79
What are the prime factors of (-111)/(-4)*(-10200)/(-17)?
2, 3, 5, 37
Let t(r) = -r - 13. Let g be t(-7). Let l = -6 - g. What are the prime factors of (7 - -8)/((-1)/(-6)) + l?
2, 3, 5
What are the prime factors of ((-1921)/34)/((-26)/7488)?
2, 3, 113
Let o = 28146 + -18677. List the prime factors of o.
17, 557
Suppose 0 = -r + 4*c + 33, 4*r + c - 16 = 31. Let n(p) = 2*p**3 + 29*p**2 - 2*p - 85. Let y be n(-14). Let q = y - r. List the prime factors of q.
2, 3, 7
What are the prime factors of (191 + -193)*-16087*2?
2, 16087
Suppose -2*z = -3*i - 58821, -58806 = -2*z + 26*i - 28*i. List the prime factors of z.
2, 3, 13, 29
Let t be ((-5)/(-5))/((-32)/(-28) - 1). Suppose -t*x - 135 + 3166 = 0. What are the prime factors of x?
433
Suppose -5*z + 0*z + 10 = 0, 0 = 4*k - 4*z - 32060. List the prime factors of k.
8017
Let k(y) = 15*y - 84. Let u be k(21). What are the prime factors of (u/88)/((-3)/(-60))*28?
2, 3, 5, 7
Suppose -t = -2*p + 24006, 3*p = -5*t + 19705 + 16304. What are the prime factors of p?
3, 4001
Let u = 163789 + -116201. List the prime factors of u.
2, 11897
Let g(r) = -45*r + 1478. What are the prime factors of g(-71)?
4673
Suppose -11 = -l + 3*i - 0, -2*l - 3*i = -13. Suppose 54 = -4*w + d, -3*d - 1 = 5. Let b = l - w. What are the prime factors of b?
2, 11
Let x = -61952 - -89687. What are the prime factors of x?
3, 5, 43
Let a(j) = -2202*j**3 - 3*j**2 + 5*j + 18. List the prime factors of a(-2).
2, 7, 17, 37
Suppose 0 = -3*p - 4*c + 284, -9 + 444 = 5*p - c. Let z be (1/2)/(2/p). What are the prime factors of ((-13)/2)/(109/z - 5)?
11, 13
Let z = -8 + -2. Let b(s) be the third derivative of s**4/8 + 23*s**3/3 - 52*s**2 + 1. List the prime factors of b(z).
2
Suppose 21309 = v + 5*y, 3*v - y - 30808 = 33247. List the prime factors of v.
37, 577
Let s be 4/4*251 + -1. Let u be (-78)/(-15) + 1/(-5). Suppose 45 = -u*y + s. What are the prime factors of y?
41
Let m = -247 + 312. Suppose -56*w + m*w = 3087. What are the prime factors of w?
7
Let k(q) = -q**3 + 36*q**2 - 27*q - 41. Let t be k(34). Suppose 1271 + t = 8*j. What are the prime factors of j?
2, 41
Suppose 4*k - 20427 = -3*m, 4*k - 27236 = -8*m + 4*m. List the prime factors of m.
11, 619
Suppose -131859 = -25*r + 126733 + 79633. List the prime factors of r.
83, 163
Let b be (338/(-4))/((-3)/12). Suppose 4*v = q + 373, 4*v = -2*q + 20 + b. List the prime factors of v.
2, 23
Suppose -24896 + 6001 = -9*x + 93182. List the prime factors of x.
3, 7, 593
Suppose -4*z + 15 = -1. Suppose 267 = z*r - 1441. What are the prime factors of r?
7, 61
Let l = 8785 + -122. List the prime factors of l.
8663
Let i(w) = -522*w - 380. Let c be i(-8). What are the prime factors of (c/(4 - 17))/(2/(-12))?
2, 3, 73
Let b(w) = 0*w**2 - 6*w**2 + 7*w**2 - 2*w - 3 - 2*w. Let f be b(-2). What are the prime factors of 1/(((-18)/(-40))/f)?
2, 5
Suppose 6*r - 35 = 25. Let u(h) = -2 - 22*h + r*h + 4*h. List the prime factors of u(-7).
2, 3
Suppose -12*g + 15 = -9. Suppose 3*x - 867 = -3*s, 5*s = -g*x - x + 865. List the prime factors of x.
2, 5, 29
Suppose 13287 = 4*h - 853. List the prime factors of h.
5, 7, 101
Let j be (2 + -18)/(-2) - 4. Let x be 3/3*1*j. What are the prime factors of x/(6*(-2)/(-6))?
2
Let q(g) = -g**2 - 12*g - 2. Let o be q(-11). Suppose 6*r - o*r + 69 = 0. List the prime factors of r.
23
Suppose 2*x = r - 44, -5*x - 15 = 5. Let y be -2*(-1 - (2 - 4)). List the prime factors of r/(y/(-3 - 5)).
2, 3
Let a be 2/(8/8 - 9/11). Suppose -8*l + 363 = -a*l. Let f = -46 - l. List the prime factors of f.
3, 5
Let f(d) = 43*d + 6. Let r be f(6). Let w = 715 - r. What are the prime factors of w?
11, 41
Let g = 13 + 2. Suppose -3*t + g = -0*t, 5*t + 46 = a. Suppose 10*r = 89 + a. List the prime factors of r.
2
Let n = -242 + 241. Let f(z) = 88*z + 1. Let b(w) = 87*w. Let q(x) = -6*b(x) + 5*f(x). What are the prime factors of q(n)?
3, 29
Let z = 1394 + -2476. Let f = 1694 + z. What are the prime factors of f?
2, 3, 17
Suppose -3*x + m + 3*m + 4 = 0, -x + 6 = m. Suppose x*z = 4*v + 3360, 1656 = 2*z - 46*v + 50*v. List the prime factors of z.
2, 11, 19
Let v = 49 - 40. Suppose 3*w - v = -0*w. Suppose w*p = 67 + 44. What are the prime factors of p?
37
Let c = 10 + -7. Let u(s) = 2*s**2 - 4*s**2 - 5 + 0*s**2 + 6*s - 4*s + 3*s**3. List the prime factors of u(c).
2
Suppose -9*m = -10*m - 2*r, -24 = 5*m + 2*r. Let z(b) = 33*b + 28. Let o be z(m). Let y = -118 - o. What are the prime factors of y?
2, 13
Suppose 0 = -5*w + 2*a - 1, -w = -0*a + 2*a - 7. Let y(g) = -42*g**2 + 5*g - 4. Let h be y(w). Let u = 43 + h. What are the prime factors of u?
2
Suppose -29666 + 177695 = 53*t. What are the prime factors of t?
3, 7, 19
What are the prime factors of (-265723)/(-8) + 120/192?
2, 3, 173
Let x be (-10)/3*144/(-20). What are the prime factors of (-19945)/(-40) + 9/x?
499
Let x = 729 - -10680. What are the prime factors of x?
3, 3803
Suppose 0*d = 2*d + b - 1, 3*d - 2*b = 12. Suppose 0 = -d*m - 0*m - 4*f + 158, -3*f = -2*m + 165. What are the prime factors of (-54)/m*(-882)/4?
3, 7
Let n be (-10)/75 + 27282/90. Suppose -4*t - t + 299 = 2*y, -2*y + n = t. List the prime factors of y.
2, 19
Suppose 17*y - 11728 = 14*y + 2*y. List the prime factors of y.
2, 733
What are the prime factors of (-678127)/(-35) + (-430)/7525?
5, 31
List the prime factors of (-1 + ((-92)/5)/(26/(-6110)))*1.
3, 11, 131
List the prime factors of 6/(-7) - (-1016334)/609.
2, 3, 139
Let o(n) = -7492*n - 42. List the prime factors of o(-1).
2, 5, 149
Let h(t) be the second derivative of -t**5/20 + t**4/12 + t**3/6 + 47*t**2/2 - 3*t + 5. Suppose 4*n = -n. What are the prime factors of h(n)?
47
List the prime factors of 4691 - 1 - (2 - (-2 - -11)).
7, 11, 61
Suppose -11*h - 4